ase 5, what is 20 - 1?
14
In base 10, what is -4 - -439?
435
In base 2, what is 110001010 - -101?
110001111
In base 10, what is -49 - 0?
-49
In base 13, what is 3 + -110?
-10a
In base 14, what is 69 - -10?
79
In base 3, what is 0 - 10122?
-10122
In base 11, what is -5 - -18?
13
In base 3, what is -11 - -1000122?
1000111
In base 5, what is 2 + -22110?
-22103
In base 11, what is 46 - 7?
3a
In base 8, what is -101 - 0?
-101
In base 13, what is 3 - 2?
1
In base 15, what is 1 - 20a?
-209
In base 10, what is 4 - -3711?
3715
In base 7, what is -131356 - 2?
-131361
In base 3, what is -10121111 + -1?
-10121112
In base 6, what is 3 + 205?
212
In base 12, what is 2 - 55?
-53
In base 15, what is -3 - 17e?
-182
In base 12, what is 4 - 38?
-34
In base 15, what is 2 + -295?
-293
In base 3, what is 20222 - 21?
20201
In base 16, what is 1 + 1?
2
In base 11, what is 0 - a7?
-a7
In base 3, what is 212000 - 1?
211222
In base 8, what is -34 - -60?
24
In base 3, what is -10 + -1210?
-1220
In base 10, what is -1 + 206?
205
In base 10, what is 2 - -32?
34
In base 4, what is 22 + -3?
13
In base 15, what is -211c + 1?
-211b
In base 4, what is -11 + -230?
-301
In base 4, what is -312213 - -2?
-312211
In base 3, what is -11002 - 11112?
-22121
In base 7, what is 53 + -233?
-150
In base 10, what is -59 + 1?
-58
In base 8, what is 625 + -2?
623
In base 2, what is 100 - 11000?
-10100
In base 12, what is 3 + -16a?
-167
In base 13, what is -32a - 2?
-32c
In base 10, what is 5 - -738?
743
In base 9, what is 145 - 4?
141
In base 8, what is -2512 + -2?
-2514
In base 16, what is -2 + -50?
-52
In base 8, what is 11 - 10252?
-10241
In base 3, what is -12 + 11211?
11122
In base 15, what is b + 36?
42
In base 16, what is 4 - e8?
-e4
In base 11, what is -250a + 5?
-2505
In base 14, what is 4 - -108?
10c
In base 4, what is -1101 - -1?
-1100
In base 12, what is -147 - 0?
-147
In base 10, what is 0 + -50?
-50
In base 9, what is -25 + -721?
-746
In base 2, what is -11 - -10110111?
10110100
In base 15, what is -9d - -4?
-99
In base 6, what is 1015 + 2?
1021
In base 10, what is -27 - 353?
-380
In base 14, what is 1 + 179?
17a
In base 5, what is -31014 + 1?
-31013
In base 10, what is 116 - -61?
177
In base 4, what is -1 - 11203?
-11210
In base 4, what is 20013 - 3?
20010
In base 10, what is -211 + -81?
-292
In base 7, what is 2645 + 1?
2646
In base 15, what is -b - -d3?
c7
In base 4, what is 0 + -132?
-132
In base 5, what is 344 - 10?
334
In base 11, what is -4907 + 1?
-4906
In base 13, what is 2 + -664?
-662
In base 5, what is 12 + -121?
-104
In base 11, what is -3 + 54?
51
In base 9, what is 6646 + -4?
6642
In base 12, what is -33b + -1?
-340
In base 3, what is -121112 - 112?
-122001
In base 14, what is -16 + -5?
-1b
In base 3, what is 120 - 200210?
-200020
In base 14, what is 139 + -1?
138
In base 4, what is 2 + -100123?
-100121
In base 9, what is 530 + -18?
511
In base 3, what is -120 + 1001010?
1000120
In base 5, what is 10 - 2112?
-2102
In base 7, what is 3 - 210?
-204
In base 4, what is 12011 + -11?
12000
In base 13, what is 1a6 - 5?
1a1
In base 2, what is 1001110101 + 1110?
1010000011
In base 5, what is 13130 - -23?
13203
In base 15, what is -34 + -e?
-43
In base 16, what is 754 - -2?
756
In base 10, what is -4 + -26?
-30
In base 16, what is c07 + 4?
c0b
In base 16, what is -4 + 27c?
278
In base 2, what is -101 + -101011?
-110000
In base 10, what is 4 + 24?
28
In base 12, what is -b6 - -5?
-b1
In base 13, what is -8 + 13?
8
In base 4, what is 11 - -123023?
123100
In base 5, what is 413104 + 10?
413114
In base 13, what is -1 - 15?
-16
In base 15, what is -2 - -3d?
3b
In base 15, what is -2e4 - -2?
-2e2
In base 11, what is -a - -7?
-3
In base 8, what is -134 + -1?
-135
In base 12, what is b4 - 6?
aa
In base 5, what is -4 + 41440?
41431
In base 4, what is 1013 + -2123?
-1110
In base 8, what is -1304 - 2?
-1306
In base 11, what is 134a + -7?
1343
In base 11, what is -4 - -a9?
a5
In base 8, what is -3307 - -6?
-3301
In base 10, what is 3531 - -5?
3536
In base 9, what is -2 - 386?
-388
In base 14, what is -267 + -9?
-272
In base 14, what is -7c + 9?
-73
In base 16, what is b3cc + -1?
b3cb
In base 3, what is 2 + 1121000?
1121002
In base 16, what is 2 - 7a?
-78
In base 14, what is 2 - -6b?
6d
In base 10, what is -1292 + 5?
-1287
In base 9, what is -3 - 464?
-467
In base 2, what is -100111011 - 110001?
-101101100
In base 4, what is 2332 - 10?
2322
In base 3, what is -2120011 + 22?
-2112212
In base 5, what is 4041 - 3?
4033
In base 12, what is 4 - -1785?
1789
In base 3, what is 2 - 1020201?
-1020122
In base 6, what is 12510 - -1?
12511
In base 2, what is 101 + -100011?
-11110
In base 14, what is -a9 + -1?
-aa
In base 6, what is -5 - 243?
-252
In base 10, what is 4 + 24?
28
In base 6, what is 42 - 23?
15
In base 9, what is 4 + -3234?
-3230
In base 15, what is a - 2da?
-2d0
In base 10, what is -5 + -861?
-866
In base 3, what is -1 - -12020?
12012
In base 7, what is -123 - 2?
-125
In base 14, what is 17b - -26?
1a3
In base 9, what is 5 - 1266?
-1261
In base 16, what is 2 + -74?
-72
In base 16, what is 41 + 5?
46
In base 9, what is 5 - -6?
12
In base 9, what is 37 + 16?
54
In base 3, what is -10020002 + 12?
-10012220
In base 15, what is -5 - 8?
-d
In base 10, what is -4 - -561?
557
In base 8, what is 0 + -154?
-154
In base 14, what is 3 + 83?
86
In base 15, what is -7 + 173?
16b
In base 2, what is -11100 - -100001100?
11110000
In base 7, what is 24 + -4?
20
In base 13, what is 3b3 + -6?
3aa
In base 12, what is -2b - 1?
-30
In base 5, what is 1 + 12100?
12101
In base 5, what is -31144 - 1?
-31200
In base 16, what is 2a - 1f?
b
In base 3, what is 12 - 1000?
-211
In base 13, what is -16 - -3a?
24
In base 7, what is -105 + 3?
-102
In base 11, what is -227 + 1?
-226
In base 10, what is 6 + -81?
-75
In base 6, what is -1015 - 32?
-1051
In base 11, what is 2 + 102?
104
In base 2, what is 1100010 - 100101?
111101
In base 6, what is 3 + 545?
552
In base 7, what is 5 + -101?
-63
In base 11, what is 5 + -62?
-58
In base 4, what is -1100 - 1213?
-2313
In base 7, what is 30 + -4?
23
In base 6, what is -14 - -522?
504
In base 12, what is -a + -1a?
-28
In base 3, what is -102 - 100?
-202
In base 8, what is 4 + -66?
-62
In base 15, what is 94 + -5?
8e
In base 11, what is 9 - -126?
134
In base 12, what is 4 - -687?
68b
In base 9, what is 7343 + 2?
7345
In base 14, what is -20d3 - 3?
-20d6
In base 2, what is 0 + -1101000?
-1101000
In base 12, what is 41 - 20?
21
In base 9, what is -2 + 18?
16
In base 16, what is 12 + -d?
5
In base 5, what is -2 + 2232?
2230
In base 9, what is 4 + -606?
-602
In base 12, what is 149 - 0?
149
In base 4, what is 1113 - 11?
1102
In base 5, what is 3 + -11041?
-11033
In base 15, what is 516 + -5?
511
In base 16, what is -4 + -10d0?
-10d4
In base 12, what is 1 - 25?
-24
In base 9, what is 12 - 18?
-6
In base 8, what is -130 - -1?
-127
In base 9, what is -35 - 23?
-58
In base 9, what is 4 - 10?
-5
In base 16, what is 3 + 16?
19
In base 14, what is -2 + -444?
-446
In base 3, what is -101 + -100121?
-100222
In base 13, what is -4 - 18?
-1c
In base 4, what is -13210 - -1?
-13203
In base 6, what is -4 + 241?
233
In base 3, what is 12 - -2112012?
2112101
In base 4, what is -1021 - 1?
-1022
In base 7, what is 5 - -1002?
1010
In base 8, what is 15455 + -3?
15452
In base 3, what is 2 - 11011?
-11002
In base 11, what is -8 + -12?
-1a
In base 4, what is -11 - -30302?
30231
In base 7, what is 11 + -6?
2
In base 7, what is -634 - 0?
-634
In base 8, what is 1 + 12133?
12134
In base 2, what is 10 - 1111110?
-1111100
In base 16, what is ff + -2?
fd
In base 14, what is -2 - 6?
-8
In base 15, what is 0 - aa6?
-aa6
In base 13, what is -1a40b + 5?
-1a406
In base 3, what is 221 + -100?
121
In base 16, what is -56 + -f?
-65
In base 15, what is -c + -27?
-34
In base 9, what is 252 - -48?
311
In base 4, what is 11 - -211?
222
In base 2, what is -1 - 101100?
-101101
In base 10, what is -36 + 35?
-1
In base 3, what is 10 + -22?
-12
In base 5, what is 2 + -112?
-110
In base 4, what is -31021 + 2?
-31013
In base 10, what is 9 + 6?
15
In base 15, what is -12 - -9?
-8
In base 5, what is 13410 + -1?
13404
In base 8, what is -2 + -1040?
-1042
In base 6, what is -131245 - -1?
-131244
In base 6, what is 325 - -1?
330
